{"id":190,"date":"2019-06-13T21:43:13","date_gmt":"2019-06-14T00:43:13","guid":{"rendered":"http:\/\/portaldoservidor.hortolandia.sp.gov.br\/?page_id=190"},"modified":"2019-06-13T21:43:13","modified_gmt":"2019-06-14T00:43:13","slug":"homepage","status":"publish","type":"page","link":"https:\/\/portaldoservidor.hortolandia.sp.gov.br\/index.php\/homepage\/","title":{"rendered":""},"content":{"rendered":"<style>\/*! elementor - v3.15.0 - 02-08-2023 *\/\n.elementor-heading-title{padding:0;margin:0;line-height:1}.elementor-widget-heading .elementor-heading-title[class*=elementor-size-]>a{color:inherit;font-size:inherit;line-height:inherit}.elementor-widget-heading .elementor-heading-title.elementor-size-small{font-size:15px}.elementor-widget-heading .elementor-heading-title.elementor-size-medium{font-size:19px}.elementor-widget-heading .elementor-heading-title.elementor-size-large{font-size:29px}.elementor-widget-heading .elementor-heading-title.elementor-size-xl{font-size:39px}.elementor-widget-heading .elementor-heading-title.elementor-size-xxl{font-size:59px}<\/style>\n<h2>Novo Portal do Servidor<\/h2>\n<p>Servi\u00e7os dispon\u00edveis no Novo Portal:<\/p>\n<ul>\n<li>Solicita\u00e7\u00e3o de F\u00e9rias<\/li>\n<li>Antecipa\u00e7\u00e3o de 13\u00ba no anivers\u00e1rio<\/li>\n<li>Falta abonada<\/li>\n<\/ul>\n<ul>\n<li>Folga Eleitoral<\/li>\n<li>Certid\u00e3o de Tempo de Servi\u00e7o<\/li>\n<li>Atestados \/ Licen\u00e7as<\/li>\n<\/ul>\n<ul>\n<li>Atualiza\u00e7\u00e3o Cadastral<\/li>\n<li>T\u00edtulos para Progress\u00e3o\u00a0<\/li>\n<li>Declara\u00e7\u00e3o Anual de Bens e Valores\u00a0<\/li>\n<\/ul>\n<p>\t\t\t<a href=\"https:\/\/servidor.hortolandia.sp.gov.br\/portaldoservidor\"><br \/>\n\t\t\t\t\t\tIR PARA O NOVO PORTAL<br \/>\n\t\t\t\t\t<\/a><br \/>\n\t\t\t<a href=\"https:\/\/portaldoservidor.hortolandia.sp.gov.br\/index.php\/programa-ambientacao\/\"><br \/>\n\t\t\t\t\t\tPrograma de Ambienta\u00e7\u00e3o para novos servidores<br \/>\n\t\t\t\t\t<\/a><br \/>\n\t\t\t<a href=\"https:\/\/portaldoservidor.hortolandia.sp.gov.br\/index.php\/cursos\/\"><br \/>\n\t\t\t\t\t\tPrograma de Capacita\u00e7\u00e3o de Servidores<br \/>\n\t\t\t\t\t<\/a><\/p>\n<p style=\"text-align: center;\"><a href=\"http:\/\/hortoprev.hortolandia.sp.gov.br\/\"><img decoding=\"async\" src=\"https:\/\/portaldoservidor.hortolandia.sp.gov.br\/wp-content\/uploads\/2021\/06\/hortoprev.png\" alt=\"\" width=\"145\" height=\"81\" \/>\u00a0 \u00a0<\/a><a href=\"https:\/\/www.servidoresdehortolandia.com.br\/\"><img decoding=\"async\" src=\"https:\/\/portaldoservidor.hortolandia.sp.gov.br\/wp-content\/uploads\/2021\/06\/asph.png\" alt=\"\" width=\"145\" height=\"81\" \/>\u00a0\u00a0<\/a><a href=\"http:\/\/www.stspmh.com\/\"><img decoding=\"async\" src=\"https:\/\/portaldoservidor.hortolandia.sp.gov.br\/wp-content\/uploads\/2021\/06\/stspm.png\" alt=\"\" width=\"145\" height=\"82\" \/>\u00a0\u00a0<\/a><a href=\"https:\/\/leismunicipais.com.br\/camara\/sp\/hortolandia\"><img loading=\"lazy\" decoding=\"async\" src=\"https:\/\/portaldoservidor.hortolandia.sp.gov.br\/wp-content\/uploads\/2021\/06\/leismunicipais.png\" alt=\"\" width=\"145\" height=\"82\" \/><\/a><\/p>\n<p style=\"text-align: center;\">\u00a0<\/p>\n<p style=\"text-align: center;\">\u00a0 \u00a0<\/p>\n<h2>CONTATOS<\/h2>\n<p><strong>Divis\u00e3o de Sa\u00fade Ocupacional e<br \/>Seguran\u00e7a no Trabalho<br \/><\/strong>Rua Argolino de Moraes, n\u00ba 405<br \/>Vila S\u00e3o Francisco<br \/><strong>Telefone:<\/strong>\u00a0(19) 3865-7315<\/p>\n<p><strong>Departamento de Gest\u00e3o de Pessoal<br \/><\/strong>Rua Projetada 12, n\u00ba 100<br \/>Jardim Metropolitan<br \/>Telefone:\u00a0(19) 3965-1400 (Ramal: 6935)<\/p>\n<p><strong style=\"color: var( --e-global-color-text ); font-family: var( --e-global-typography-text-font-family ), Sans-serif; font-size: 1.3rem;\">Escola de Gest\u00e3o P\u00fablica<br \/><\/strong>Rua Projetada 12, n\u00ba 100<br \/>Jardim Metropolitan<br \/><strong style=\"color: var( --e-global-color-text ); font-family: var( --e-global-typography-text-font-family ), Sans-serif; font-size: 1.3rem;\">Telefone:\u00a0<\/strong>(19) 3965-1400 (Ramal: 6947)<\/p>\n","protected":false},"excerpt":{"rendered":"<p>Novo Portal do Servidor Servi\u00e7os dispon\u00edveis no Novo Portal: Solicita\u00e7\u00e3o de F\u00e9rias Antecipa\u00e7\u00e3o de 13\u00ba no anivers\u00e1rio Falta abonada Folga Eleitoral Certid\u00e3o de Tempo de&hellip;<\/p>\n","protected":false},"author":1,"featured_media":0,"parent":0,"menu_order":0,"comment_status":"closed","ping_status":"closed","template":"","meta":{"footnotes":""},"class_list":["post-190","page","type-page","status-publish","hentry"],"_links":{"self":[{"href":"https:\/\/portaldoservidor.hortolandia.sp.gov.br\/index.php\/wp-json\/wp\/v2\/pages\/190","targetHints":{"allow":["GET"]}}],"collection":[{"href":"https:\/\/portaldoservidor.hortolandia.sp.gov.br\/index.php\/wp-json\/wp\/v2\/pages"}],"about":[{"href":"https:\/\/portaldoservidor.hortolandia.sp.gov.br\/index.php\/wp-json\/wp\/v2\/types\/page"}],"author":[{"embeddable":true,"href":"https:\/\/portaldoservidor.hortolandia.sp.gov.br\/index.php\/wp-json\/wp\/v2\/users\/1"}],"replies":[{"embeddable":true,"href":"https:\/\/portaldoservidor.hortolandia.sp.gov.br\/index.php\/wp-json\/wp\/v2\/comments?post=190"}],"version-history":[{"count":0,"href":"https:\/\/portaldoservidor.hortolandia.sp.gov.br\/index.php\/wp-json\/wp\/v2\/pages\/190\/revisions"}],"wp:attachment":[{"href":"https:\/\/portaldoservidor.hortolandia.sp.gov.br\/index.php\/wp-json\/wp\/v2\/media?parent=190"}],"curies":[{"name":"wp","href":"https:\/\/api.w.org\/{rel}","templated":true}]}}