{"id":761,"date":"2021-05-23T18:50:53","date_gmt":"2021-05-23T21:50:53","guid":{"rendered":"http:\/\/portaldoservidor.hortolandia.sp.gov.br\/?page_id=761"},"modified":"2025-01-22T10:34:54","modified_gmt":"2025-01-22T13:34:54","slug":"equipamentos-de-protecao-individual","status":"publish","type":"page","link":"https:\/\/portaldoservidor.hortolandia.sp.gov.br\/index.php\/equipamentos-de-protecao-individual\/","title":{"rendered":"Equipamentos de Prote\u00e7\u00e3o Individual"},"content":{"rendered":"\t\t<div data-elementor-type=\"wp-page\" data-elementor-id=\"761\" class=\"elementor elementor-761\" data-elementor-settings=\"{&quot;ha_cmc_init_switcher&quot;:&quot;no&quot;}\">\n\t\t\t\t<div class=\"elementor-element elementor-element-eb8807f e-flex e-con-boxed wpr-particle-no wpr-jarallax-no wpr-parallax-no wpr-sticky-section-no e-con e-parent\" data-id=\"eb8807f\" data-element_type=\"container\" data-e-type=\"container\" data-settings=\"{&quot;_ha_eqh_enable&quot;:false}\">\n\t\t\t\t\t<div class=\"e-con-inner\">\n\t\t\t\t<div class=\"elementor-element elementor-element-123a1bdb exad-sticky-section-no exad-glass-effect-no elementor-widget elementor-widget-text-editor\" data-id=\"123a1bdb\" data-element_type=\"widget\" data-e-type=\"widget\" data-widget_type=\"text-editor.default\">\n\t\t\t\t<div class=\"elementor-widget-container\">\n\t\t\t\t\t\t\t\t\t\n<p>A unidade respons\u00e1vel pela seguran\u00e7a do trabalho (DSOST) realiza as vistorias e inspe\u00e7\u00f5es de seguran\u00e7a e estabelece as medidas t\u00e9cnicas concernentes \u00e0 seguran\u00e7a e \u00e0 higiene do trabalho em especial a especifica\u00e7\u00f5es t\u00e9cnicas quanto \u00e0 aquisi\u00e7\u00e3o e utiliza\u00e7\u00e3o de equipamentos de prote\u00e7\u00e3o individual e coletiva, bem como de uniformes (Art. 178 da <a href=\"https:\/\/sapl.hortolandia.sp.leg.br\/pysc\/download_norma_pysc?cod_norma=4&amp;texto_original=1\">Lei Municipal n\u00ba 2.004\/2008<\/a>). Esses equipamentos ser\u00e3o entregues ao servidor em seu local de trabalho, ficando em posse das unidades de manuten\u00e7\u00e3o em suas respectivas secretarias municipais.<\/p>\n\n<p>As solicita\u00e7\u00f5es de vistoria e de Equipamentos de Prote\u00e7\u00e3o Individual (EPI) pode ser feita mediante o e-mail: segurancadotrabalho.smgp@hortolandia.sp.gov.br<\/p>\n\t\t\t\t\t\t\t\t<\/div>\n\t\t\t\t<\/div>\n\t\t\t\t\t<\/div>\n\t\t\t\t<\/div>\n\t\t\t\t<\/div>\n\t\t","protected":false},"excerpt":{"rendered":"<p>A unidade respons\u00e1vel pela seguran\u00e7a do trabalho (DSOST) realiza as vistorias e inspe\u00e7\u00f5es de seguran\u00e7a e estabelece as medidas t\u00e9cnicas concernentes \u00e0 seguran\u00e7a e \u00e0&hellip;<\/p>\n","protected":false},"author":1,"featured_media":0,"parent":0,"menu_order":0,"comment_status":"closed","ping_status":"closed","template":"","meta":{"footnotes":""},"class_list":["post-761","page","type-page","status-publish","hentry"],"_links":{"self":[{"href":"https:\/\/portaldoservidor.hortolandia.sp.gov.br\/index.php\/wp-json\/wp\/v2\/pages\/761","targetHints":{"allow":["GET"]}}],"collection":[{"href":"https:\/\/portaldoservidor.hortolandia.sp.gov.br\/index.php\/wp-json\/wp\/v2\/pages"}],"about":[{"href":"https:\/\/portaldoservidor.hortolandia.sp.gov.br\/index.php\/wp-json\/wp\/v2\/types\/page"}],"author":[{"embeddable":true,"href":"https:\/\/portaldoservidor.hortolandia.sp.gov.br\/index.php\/wp-json\/wp\/v2\/users\/1"}],"replies":[{"embeddable":true,"href":"https:\/\/portaldoservidor.hortolandia.sp.gov.br\/index.php\/wp-json\/wp\/v2\/comments?post=761"}],"version-history":[{"count":3,"href":"https:\/\/portaldoservidor.hortolandia.sp.gov.br\/index.php\/wp-json\/wp\/v2\/pages\/761\/revisions"}],"predecessor-version":[{"id":23638,"href":"https:\/\/portaldoservidor.hortolandia.sp.gov.br\/index.php\/wp-json\/wp\/v2\/pages\/761\/revisions\/23638"}],"wp:attachment":[{"href":"https:\/\/portaldoservidor.hortolandia.sp.gov.br\/index.php\/wp-json\/wp\/v2\/media?parent=761"}],"curies":[{"name":"wp","href":"https:\/\/api.w.org\/{rel}","templated":true}]}}