{"id":787,"date":"2021-05-23T22:37:54","date_gmt":"2021-05-24T01:37:54","guid":{"rendered":"http:\/\/portaldoservidor.hortolandia.sp.gov.br\/?page_id=787"},"modified":"2025-01-20T16:07:59","modified_gmt":"2025-01-20T19:07:59","slug":"exames-ocupacionais-de-saude","status":"publish","type":"page","link":"https:\/\/portaldoservidor.hortolandia.sp.gov.br\/index.php\/exames-ocupacionais-de-saude\/","title":{"rendered":"Exames Ocupacionais de Sa\u00fade"},"content":{"rendered":"\t\t<div data-elementor-type=\"wp-page\" data-elementor-id=\"787\" class=\"elementor elementor-787\" data-elementor-settings=\"{&quot;ha_cmc_init_switcher&quot;:&quot;no&quot;}\">\n\t\t\t\t<div class=\"elementor-element elementor-element-76f0d9f5 e-flex e-con-boxed wpr-particle-no wpr-jarallax-no wpr-parallax-no wpr-sticky-section-no e-con e-parent\" data-id=\"76f0d9f5\" data-element_type=\"container\" data-e-type=\"container\" data-settings=\"{&quot;_ha_eqh_enable&quot;:false}\">\n\t\t\t\t\t<div class=\"e-con-inner\">\n\t\t\t\t<div class=\"elementor-element elementor-element-2227ffc3 exad-sticky-section-no exad-glass-effect-no elementor-widget elementor-widget-text-editor\" data-id=\"2227ffc3\" data-element_type=\"widget\" data-e-type=\"widget\" data-widget_type=\"text-editor.default\">\n\t\t\t\t<div class=\"elementor-widget-container\">\n\t\t\t\t\t\t\t\t\t\n<p>Visando ao estabelecimento de medidas t\u00e9cnicas, administrativas e educacionais relativas \u00e0 prote\u00e7\u00e3o da sa\u00fade, implanta\u00e7\u00e3o e preserva\u00e7\u00e3o de condi\u00e7\u00f5es seguras de trabalho do servidor municipal, cabe \u00e0 Divis\u00e3o de Sa\u00fade e Seguran\u00e7a do Trabalho \u2013 DSOST \u2013 observadas as normas municipais e federais, realizar:<\/p>\n\n<ul class=\"wp-block-list\">\n<li>os<strong> exames de sa\u00fade para admiss\u00e3o<\/strong>;<\/li>\n<li>os<strong> exames peri\u00f3dicos de sa\u00fade<\/strong>;<\/li>\n<li>os<strong> exames de sa\u00fade<\/strong> <strong>destinados \u00e0 assun\u00e7\u00e3o de fun\u00e7\u00e3o especial<\/strong>;<\/li>\n<li>os<strong> exames de sa\u00fade<\/strong> <strong>destinados ao retorno ao trabalho<\/strong>;<\/li>\n<li>os<strong> exames demissionais de sa\u00fade<\/strong>;<\/li>\n<li>a emiss\u00e3o de<strong> laudo atestando afec\u00e7\u00e3o como acidente de trabalho ou doen\u00e7a profissiona<\/strong>l;<\/li>\n<li>a<strong> interpreta\u00e7\u00e3o de afec\u00e7\u00e3o como pertencente ao grupo de doen\u00e7as graves <\/strong>descritas no art. 138 da Lei Municipal n\u00ba 2.004\/2008;<\/li>\n<li>a<strong> inspe\u00e7\u00e3o de sa\u00fade<\/strong> <strong>visando \u00e0 readapta\u00e7\u00e3o funcional e ao estabelecimento das limita\u00e7\u00f5es<\/strong>;<\/li>\n<li>a<strong> inspe\u00e7\u00e3o de sa\u00fade<\/strong> visando a defini\u00e7\u00e3o de<strong> compatibilidade entre as especificidades apresentadas por pessoa com defici\u00eancia e seu cargo e\/ou fun\u00e7\u00e3o<\/strong>;<\/li>\n<li>a<strong> emiss\u00e3o de laudos concernentes \u00e0 aposentadoria por invalidez<\/strong>;<\/li>\n<li>a<strong> homologa\u00e7\u00e3o de licen\u00e7a dependente de inspe\u00e7\u00e3o m\u00e9dica obrigat\u00f3ria<\/strong>.<\/li>\n<\/ul>\n\n<p>Os exames ocupacionais s\u00f3 ser\u00e3o v\u00e1lidos se emitidos por profissional \u2013 m\u00e9dico ou. quando for o caso, por psic\u00f3logo \u2013 efetivo, lotado no DSOST ou credenciado para tal pelo Departamento de Gest\u00e3o de Pessoal.<\/p>\n\n<p>Nos links pr\u00f3prios de cada tipo de exame, encontram-se, quando for o caso, os procedimentos e formul\u00e1rios adequados para o ser requerimento.<\/p>\n\t\t\t\t\t\t\t\t<\/div>\n\t\t\t\t<\/div>\n\t\t\t\t\t<\/div>\n\t\t\t\t<\/div>\n\t\t\t\t<\/div>\n\t\t","protected":false},"excerpt":{"rendered":"<p>Visando ao estabelecimento de medidas t\u00e9cnicas, administrativas e educacionais relativas \u00e0 prote\u00e7\u00e3o da sa\u00fade, implanta\u00e7\u00e3o e preserva\u00e7\u00e3o de condi\u00e7\u00f5es seguras de trabalho do servidor municipal,&hellip;<\/p>\n","protected":false},"author":1,"featured_media":0,"parent":0,"menu_order":0,"comment_status":"closed","ping_status":"closed","template":"","meta":{"footnotes":""},"class_list":["post-787","page","type-page","status-publish","hentry"],"_links":{"self":[{"href":"https:\/\/portaldoservidor.hortolandia.sp.gov.br\/index.php\/wp-json\/wp\/v2\/pages\/787","targetHints":{"allow":["GET"]}}],"collection":[{"href":"https:\/\/portaldoservidor.hortolandia.sp.gov.br\/index.php\/wp-json\/wp\/v2\/pages"}],"about":[{"href":"https:\/\/portaldoservidor.hortolandia.sp.gov.br\/index.php\/wp-json\/wp\/v2\/types\/page"}],"author":[{"embeddable":true,"href":"https:\/\/portaldoservidor.hortolandia.sp.gov.br\/index.php\/wp-json\/wp\/v2\/users\/1"}],"replies":[{"embeddable":true,"href":"https:\/\/portaldoservidor.hortolandia.sp.gov.br\/index.php\/wp-json\/wp\/v2\/comments?post=787"}],"version-history":[{"count":3,"href":"https:\/\/portaldoservidor.hortolandia.sp.gov.br\/index.php\/wp-json\/wp\/v2\/pages\/787\/revisions"}],"predecessor-version":[{"id":23534,"href":"https:\/\/portaldoservidor.hortolandia.sp.gov.br\/index.php\/wp-json\/wp\/v2\/pages\/787\/revisions\/23534"}],"wp:attachment":[{"href":"https:\/\/portaldoservidor.hortolandia.sp.gov.br\/index.php\/wp-json\/wp\/v2\/media?parent=787"}],"curies":[{"name":"wp","href":"https:\/\/api.w.org\/{rel}","templated":true}]}}