{"id":923,"date":"2021-05-25T18:40:02","date_gmt":"2021-05-25T21:40:02","guid":{"rendered":"http:\/\/portaldoservidor.hortolandia.sp.gov.br\/?page_id=923"},"modified":"2025-07-31T10:25:02","modified_gmt":"2025-07-31T13:25:02","slug":"vale-transporte","status":"publish","type":"page","link":"https:\/\/portaldoservidor.hortolandia.sp.gov.br\/index.php\/vale-transporte\/","title":{"rendered":"Vale-Transporte"},"content":{"rendered":"\t\t<div data-elementor-type=\"wp-page\" data-elementor-id=\"923\" class=\"elementor elementor-923\" data-elementor-settings=\"{&quot;ha_cmc_init_switcher&quot;:&quot;no&quot;}\">\n\t\t\t\t<div class=\"elementor-element elementor-element-3875817b e-flex e-con-boxed wpr-particle-no wpr-jarallax-no wpr-parallax-no wpr-sticky-section-no e-con e-parent\" data-id=\"3875817b\" data-element_type=\"container\" data-e-type=\"container\" data-settings=\"{&quot;_ha_eqh_enable&quot;:false}\">\n\t\t\t\t\t<div class=\"e-con-inner\">\n\t\t\t\t<div class=\"elementor-element elementor-element-7b22b72c exad-sticky-section-no exad-glass-effect-no elementor-widget elementor-widget-text-editor\" data-id=\"7b22b72c\" data-element_type=\"widget\" data-e-type=\"widget\" data-widget_type=\"text-editor.default\">\n\t\t\t\t<div class=\"elementor-widget-container\">\n\t\t\t\t\t\t\t\t\t\n<p>O aux\u00edlio transporte na modalidade<strong> vale-transporte com valor subsidiado \u00e9 um benef\u00edcio criado pela Lei Municipal n\u00ba 1.537\/2005<\/strong> para ser utilizado pela servidora ou pelo servidor para <strong>custear o deslocamento da sua resid\u00eancia para o local de trabalho e vice-versa, por meio de transporte coletivo<\/strong>.<\/p>\n\n<h3 class=\"has-text-align-center wp-block-heading\"><strong>Leia com aten\u00e7\u00e3o as regras do benef\u00edcio e se desejar fa\u00e7a a ades\u00e3o na forma da instru\u00e7\u00e3o.<\/strong><\/h3>\n\n<ul class=\"wp-block-list\">\n<li><strong>Quem tem direito ao benef\u00edcio?<\/strong>\n<ul>\n<li>As servidoras e os servidores p\u00fablicos municipais:\n<ul>\n<li>em cargo de provimento efetivo e do regime estatut\u00e1rio da Lei Municipal n\u00ba 2004\/2008;<\/li>\n<li>em emprego de provimento efetivo e do regime da CLT, com contrato por tempo indeterminado;<\/li>\n<li>em cargo de provimento em comiss\u00e3o e do regime estatut\u00e1rio da Lei Municipal n\u00ba 2004\/2008; e,<\/li>\n<li>contratados em raz\u00e3o de excepcional interesse p\u00fablico, com contrato por tempo determinado.<\/li>\n<\/ul>\n<\/li>\n<li>Os conselheiros tutelares ap\u00f3s a posse e na vig\u00eancia do mandato; e,<\/li>\n<li>Os estagi\u00e1rios com contrato ativo com Administra\u00e7\u00e3o Municipal.<\/li>\n<\/ul>\n<\/li>\n<\/ul>\n<p>\u00a0<\/p>\n<ul>\n<li><strong>Como \u00e9 calculado o subs\u00eddio municipal?<\/strong>\n<ul>\n<li><strong>A servidora ou o servidor que solicitar o benef\u00edcio participa do seu custeio com o valor equivalente a 6% do total de sua remunera\u00e7\u00e3<\/strong>o, exclu\u00eddas as parcelas referentes a hora extraordin\u00e1ria e adicionais de Insalubridade e periculosidade;<\/li>\n<li><strong>A administra\u00e7\u00e3o municipal custear\u00e1 a diferen\u00e7a necess\u00e1ria para cobrir o total da despesa<\/strong>.<\/li>\n<\/ul>\n<\/li>\n<li>O desconto \u00e9 iniciado na folha mensal seguinte a partir do primeiro recebimento (recarga), ou seja: se o pedido aconteceu at\u00e9 15\u00ba dia m\u00eas corrente (ex.: abril), o inicio do desconto ser\u00e1 a partir da folha mensal (ex.: junho).<\/li>\n<li>No caso dos estagi\u00e1rios n\u00e3o desconto da bolsa, ou seja, a Administra\u00e7\u00e3o Municipal arca com toda a despesa.<\/li>\n<\/ul>\n<p>\u00a0<\/p>\n<ul>\n<li><strong>Qual a cobertura (linhas fornecidas) do Benef\u00edcio?<\/strong>\n<ul>\n<li>O benef\u00edcio <strong>cobre todas as linhas regulares de transporte coletivo que circulam em parte ou no todo seu trajeto no munic\u00edpio de Hortol\u00e2ndia<\/strong> (veja a lista abaixo). <strong>Antes de fazer a ades\u00e3o, verifique se as linhas ofertadas atendem \u00e0 sua necessidade<\/strong>.<\/li>\n<\/ul>\n<\/li>\n<\/ul>\n<p>\u00a0<\/p>\n<ul>\n<li><strong>Quais Prazos para recebimento do Benef\u00edcio?<\/strong>\n<ul>\n<li>Os solicitantes receber\u00e3o o benef\u00edcio at\u00e9 5\u00ba dia \u00fatil do pr\u00f3ximo m\u00eas (prazo m\u00e1ximo) desde que a entrega do termo de op\u00e7\u00e3o tenha ocorrido at\u00e9 o 15\u00ba dia do m\u00eas anterior. Caso o pedido seja entregue ap\u00f3s o 15\u00ba dia do m\u00eas corrente, ser\u00e1 considerado como uma ades\u00e3o do m\u00eas subsequente o que prorroga por um m\u00eas a entrega do benef\u00edcio.<\/li>\n<\/ul>\n<\/li>\n<\/ul>\n\n<h3 class=\"wp-block-heading\">\u00a0<\/h3>\n<h3 class=\"has-text-align-center\"><strong>Importante: este benef\u00edcio n\u00e3o pode ser concedido em pec\u00fania, ou seja, uma vez concedido ser\u00e1 na forma de cr\u00e9ditos em cart\u00e3o espec\u00edfico de Vale Transporte<\/strong>.<\/h3>\n\n<h3 class=\"wp-block-heading\">\u00a0<\/h3>\n<h3><strong>Como fazer a ades\u00e3o ao benef\u00edcio?<\/strong><\/h3>\n\n<p><strong>Se voc\u00ea deseja aderir ao benef\u00edcio deve preencher o <span style=\"text-decoration: underline;\">Termo de Op\u00e7\u00e3o<\/span> que esta dispon\u00edvel abaixo e entrega-lo at\u00e9 o 15\u00ba dia do m\u00eas corrente para receber at\u00e9 5\u00ba dia m\u00eas seguinte.<\/strong><\/p>\n\n<div class=\"wp-block-file\"><a href=\"http:\/\/portaldoservidor.hortolandia.sp.gov.br\/wp-content\/uploads\/2021\/05\/Termo_de_Op\u00e7\u00e3o_para_Utiliza\u00e7\u00e3o_de_Transporte_Coletivo_VT.pdf\" target=\"_blank\" rel=\"noreferrer noopener\">Termo_de_Op\u00e7\u00e3o_para_Utiliza\u00e7\u00e3o_de_Transporte_Coletivo_VT<\/a><a class=\"wp-block-file__button\" href=\"http:\/\/portaldoservidor.hortolandia.sp.gov.br\/wp-content\/uploads\/2021\/05\/Termo_de_Op\u00e7\u00e3o_para_Utiliza\u00e7\u00e3o_de_Transporte_Coletivo_VT.pdf\" download=\"\">Baixar<\/a><\/div>\n\n<p><strong>Ap\u00f3s preencher e assinar o Termo de Op\u00e7\u00e3o, anexe as c\u00f3pias dos documentos abaixo. <\/strong><strong>O requerimento deve ser preenchido e\u00a0 anexado ao protocolo DOCS e encaminhado atrav\u00e9s do local de trabalho (se tiver acesso) ou do RH de sua secretaria, encaminhando-o ao <\/strong><strong>SETOR DE FOLHA DE PAGAMENTO E BENEF\u00cdCIOS ou ainda na recep\u00e7\u00e3o do DGP na Rua Professora Celina Franceschini Bueno, n\u00ba 100, Jardim Metropolitan, Hortol\u00e2ndia-SP.<\/strong><\/p>\n\n<ul class=\"wp-block-list\">\n<li><strong>Documentos que devem ser anexados ao Termo de Op\u00e7\u00e3o:<\/strong>\n<ul>\n<li><strong>C\u00f3pia do documento de identidade (RG);<\/strong><\/li>\n<li><strong>Comprovante de resid\u00eancia (c\u00f3pia de conta de \u00e1gua, luz, telefone ou recibo de loca\u00e7\u00e3o).<\/strong><\/li>\n<\/ul>\n<\/li>\n<li><strong>Aten\u00e7\u00e3o: <\/strong>se j\u00e1 possui o cart\u00e3o de Vale Transporte Urbano, Suburbano ou Metropolitano, voc\u00ea deve anexar c\u00f3pia do mesmo.<\/li>\n<\/ul>\n\n<h3 class=\"wp-block-heading\">\u00a0<\/h3>\n<h3><strong>Como fazer o cancelamento do benef\u00edcio?<\/strong><\/h3>\n\n<p><strong>Se voc\u00ea deseja cancelar ao benef\u00edcio, deve preencher e assinar o Requerimento que est\u00e1 dispon\u00edvel abaixo. O requerimento deve ser preenchido e\u00a0 anexado ao protocolo DOCS e encaminhado atrav\u00e9s do local de trabalho (se tiver acesso) ou do RH de sua secretaria, encaminhando-o ao SETOR DE FOLHA DE PAGAMENTO E BENEF\u00cdCIOS ou ainda na recep\u00e7\u00e3o do DGP na Rua Professora Celina Franceschini Bueno, n\u00ba 100, Jardim Metropolitan, Hortol\u00e2ndia-SP.<\/strong><\/p>\n\n<div class=\"wp-block-group\"><div class=\"wp-block-group__inner-container is-layout-flow wp-block-group-is-layout-flow\">\n<div class=\"wp-block-file\"><a href=\"http:\/\/portaldoservidor.hortolandia.sp.gov.br\/wp-content\/uploads\/2021\/05\/Requerimento-de-Cancelamento-de-Benef\u00edcio.pdf\" target=\"_blank\" rel=\"noreferrer noopener\">Requerimento-de-Cancelamento-de-Benef\u00edcio<\/a><a class=\"wp-block-file__button\" href=\"http:\/\/portaldoservidor.hortolandia.sp.gov.br\/wp-content\/uploads\/2021\/05\/Requerimento-de-Cancelamento-de-Benef\u00edcio.pdf\" download=\"\">Baixar<\/a><\/div>\n<\/div><\/div>\n\n<p><strong>Se esse requerimento for entregue at\u00e9 15\u00ba (D\u00e9cimo quinto) dia do m\u00eas corrente no DGP: haver\u00e1 o cancelamento do fornecimento do benef\u00edcio e o \u00faltimo desconto em folha, no pr\u00f3ximo m\u00eas.<\/strong><\/p>\n\t\t\t\t\t\t\t\t<\/div>\n\t\t\t\t<\/div>\n\t\t\t\t\t<\/div>\n\t\t\t\t<\/div>\n\t\t\t\t<\/div>\n\t\t","protected":false},"excerpt":{"rendered":"<p>O aux\u00edlio transporte na modalidade vale-transporte com valor subsidiado \u00e9 um benef\u00edcio criado pela Lei Municipal n\u00ba 1.537\/2005 para ser utilizado pela servidora ou pelo&hellip;<\/p>\n","protected":false},"author":1,"featured_media":0,"parent":0,"menu_order":0,"comment_status":"closed","ping_status":"closed","template":"","meta":{"footnotes":""},"class_list":["post-923","page","type-page","status-publish","hentry"],"_links":{"self":[{"href":"https:\/\/portaldoservidor.hortolandia.sp.gov.br\/index.php\/wp-json\/wp\/v2\/pages\/923","targetHints":{"allow":["GET"]}}],"collection":[{"href":"https:\/\/portaldoservidor.hortolandia.sp.gov.br\/index.php\/wp-json\/wp\/v2\/pages"}],"about":[{"href":"https:\/\/portaldoservidor.hortolandia.sp.gov.br\/index.php\/wp-json\/wp\/v2\/types\/page"}],"author":[{"embeddable":true,"href":"https:\/\/portaldoservidor.hortolandia.sp.gov.br\/index.php\/wp-json\/wp\/v2\/users\/1"}],"replies":[{"embeddable":true,"href":"https:\/\/portaldoservidor.hortolandia.sp.gov.br\/index.php\/wp-json\/wp\/v2\/comments?post=923"}],"version-history":[{"count":9,"href":"https:\/\/portaldoservidor.hortolandia.sp.gov.br\/index.php\/wp-json\/wp\/v2\/pages\/923\/revisions"}],"predecessor-version":[{"id":24097,"href":"https:\/\/portaldoservidor.hortolandia.sp.gov.br\/index.php\/wp-json\/wp\/v2\/pages\/923\/revisions\/24097"}],"wp:attachment":[{"href":"https:\/\/portaldoservidor.hortolandia.sp.gov.br\/index.php\/wp-json\/wp\/v2\/media?parent=923"}],"curies":[{"name":"wp","href":"https:\/\/api.w.org\/{rel}","templated":true}]}}